{"id":2698,"date":"2022-06-08T17:10:32","date_gmt":"2022-06-08T17:10:32","guid":{"rendered":"https:\/\/teresalaiz.com\/web\/?page_id=2698"},"modified":"2025-05-26T21:11:57","modified_gmt":"2025-05-26T21:11:57","slug":"cursillos-intensivos-de-verano-2025-online","status":"publish","type":"page","link":"https:\/\/teresalaiz.com\/web\/escuela\/castanuelas-madrid\/cursillos-intensivos-de-verano-2025-online\/","title":{"rendered":"Cursillos Intensivos de Verano 2025"},"content":{"rendered":"<p><img loading=\"lazy\" decoding=\"async\" class=\"alignnone size-full wp-image-4177\" src=\"https:\/\/teresalaiz.com\/web\/wp-content\/uploads\/2025\/05\/Castanuelas-Intensivos-Verano-2025-2MB-scaled.jpg\" alt=\"\" width=\"1745\" height=\"2560\" srcset=\"https:\/\/teresalaiz.com\/web\/wp-content\/uploads\/2025\/05\/Castanuelas-Intensivos-Verano-2025-2MB-scaled.jpg 1745w, https:\/\/teresalaiz.com\/web\/wp-content\/uploads\/2025\/05\/Castanuelas-Intensivos-Verano-2025-2MB-205x300.jpg 205w, https:\/\/teresalaiz.com\/web\/wp-content\/uploads\/2025\/05\/Castanuelas-Intensivos-Verano-2025-2MB-698x1024.jpg 698w, https:\/\/teresalaiz.com\/web\/wp-content\/uploads\/2025\/05\/Castanuelas-Intensivos-Verano-2025-2MB-768x1126.jpg 768w, https:\/\/teresalaiz.com\/web\/wp-content\/uploads\/2025\/05\/Castanuelas-Intensivos-Verano-2025-2MB-1047x1536.jpg 1047w, https:\/\/teresalaiz.com\/web\/wp-content\/uploads\/2025\/05\/Castanuelas-Intensivos-Verano-2025-2MB-1396x2048.jpg 1396w\" sizes=\"(max-width: 1745px) 100vw, 1745px\" \/><\/p>\n<p style=\"text-align: center;\"><span style=\"font-size: 36pt;\"><strong><a href=\"http:\/\/escuela.teresalaiz.com\" target=\"_blank\" rel=\"noopener noreferrer\">Entrar en la Escuela Online<\/a><\/strong><\/span><\/p>\n","protected":false},"excerpt":{"rendered":"<p>Entrar en la Escuela Online<\/p>\n","protected":false},"author":1,"featured_media":0,"parent":861,"menu_order":0,"comment_status":"closed","ping_status":"closed","template":"templates\/full-width.php","meta":{"footnotes":""},"yoast_head":"<!-- This site is optimized with the Yoast SEO plugin v22.7 - https:\/\/yoast.com\/wordpress\/plugins\/seo\/ -->\n<title>Cursillos Intensivos de Verano 2025 - Teresa Laiz<\/title>\n<meta name=\"robots\" content=\"index, follow, max-snippet:-1, max-image-preview:large, max-video-preview:-1\" \/>\n<link rel=\"canonical\" href=\"https:\/\/teresalaiz.com\/web\/escuela\/castanuelas-madrid\/cursillos-intensivos-de-verano-2025-online\/\" \/>\n<meta property=\"og:locale\" content=\"es_ES\" \/>\n<meta property=\"og:type\" content=\"article\" \/>\n<meta property=\"og:title\" content=\"Cursillos Intensivos de Verano 2025\" \/>\n<meta property=\"og:description\" content=\"Escuela de Casta\u00f1uelas Teresa Laiz, Presencial (Madrid) y Online\" \/>\n<meta property=\"og:url\" content=\"https:\/\/teresalaiz.com\/web\/escuela\/castanuelas-madrid\/cursillos-intensivos-de-verano-2025-online\/\" \/>\n<meta property=\"og:site_name\" content=\"Teresa Laiz\" \/>\n<meta property=\"article:modified_time\" content=\"2025-05-26T21:11:57+00:00\" \/>\n<meta property=\"og:image\" content=\"https:\/\/teresalaiz.com\/web\/wp-content\/uploads\/2025\/05\/Castanuelas-Intensivos-Verano-2025-2MB-scaled.jpg\" \/>\n\t<meta property=\"og:image:width\" content=\"1745\" \/>\n\t<meta property=\"og:image:height\" content=\"2560\" \/>\n\t<meta property=\"og:image:type\" content=\"image\/jpeg\" \/>\n<meta name=\"twitter:card\" content=\"summary_large_image\" \/>\n<meta name=\"twitter:title\" content=\"Cursillos Intensivos de Verano 2025\" \/>\n<meta name=\"twitter:description\" content=\"Escuela de Casta\u00f1uelas Teresa Laiz\" \/>\n<meta name=\"twitter:image\" content=\"https:\/\/teresalaiz.com\/web\/wp-content\/uploads\/2025\/05\/Castanuelas-Intensivos-Verano-2025-2MB-scaled.jpg\" \/>\n<meta name=\"twitter:label1\" content=\"Tiempo de lectura\" \/>\n\t<meta name=\"twitter:data1\" content=\"1 minuto\" \/>\n<script type=\"application\/ld+json\" class=\"yoast-schema-graph\">{\"@context\":\"https:\/\/schema.org\",\"@graph\":[{\"@type\":\"WebPage\",\"@id\":\"https:\/\/teresalaiz.com\/web\/escuela\/castanuelas-madrid\/cursillos-intensivos-de-verano-2025-online\/\",\"url\":\"https:\/\/teresalaiz.com\/web\/escuela\/castanuelas-madrid\/cursillos-intensivos-de-verano-2025-online\/\",\"name\":\"Cursillos Intensivos de Verano 2025 - Teresa Laiz\",\"isPartOf\":{\"@id\":\"https:\/\/teresalaiz.com\/web\/#website\"},\"primaryImageOfPage\":{\"@id\":\"https:\/\/teresalaiz.com\/web\/escuela\/castanuelas-madrid\/cursillos-intensivos-de-verano-2025-online\/#primaryimage\"},\"image\":{\"@id\":\"https:\/\/teresalaiz.com\/web\/escuela\/castanuelas-madrid\/cursillos-intensivos-de-verano-2025-online\/#primaryimage\"},\"thumbnailUrl\":\"https:\/\/teresalaiz.com\/web\/wp-content\/uploads\/2025\/05\/Castanuelas-Intensivos-Verano-2025-2MB-scaled.jpg\",\"datePublished\":\"2022-06-08T17:10:32+00:00\",\"dateModified\":\"2025-05-26T21:11:57+00:00\",\"breadcrumb\":{\"@id\":\"https:\/\/teresalaiz.com\/web\/escuela\/castanuelas-madrid\/cursillos-intensivos-de-verano-2025-online\/#breadcrumb\"},\"inLanguage\":\"es\",\"potentialAction\":[{\"@type\":\"ReadAction\",\"target\":[\"https:\/\/teresalaiz.com\/web\/escuela\/castanuelas-madrid\/cursillos-intensivos-de-verano-2025-online\/\"]}]},{\"@type\":\"ImageObject\",\"inLanguage\":\"es\",\"@id\":\"https:\/\/teresalaiz.com\/web\/escuela\/castanuelas-madrid\/cursillos-intensivos-de-verano-2025-online\/#primaryimage\",\"url\":\"https:\/\/teresalaiz.com\/web\/wp-content\/uploads\/2025\/05\/Castanuelas-Intensivos-Verano-2025-2MB-scaled.jpg\",\"contentUrl\":\"https:\/\/teresalaiz.com\/web\/wp-content\/uploads\/2025\/05\/Castanuelas-Intensivos-Verano-2025-2MB-scaled.jpg\",\"width\":1745,\"height\":2560},{\"@type\":\"BreadcrumbList\",\"@id\":\"https:\/\/teresalaiz.com\/web\/escuela\/castanuelas-madrid\/cursillos-intensivos-de-verano-2025-online\/#breadcrumb\",\"itemListElement\":[{\"@type\":\"ListItem\",\"position\":1,\"name\":\"Portada\",\"item\":\"https:\/\/teresalaiz.com\/web\/\"},{\"@type\":\"ListItem\",\"position\":2,\"name\":\"Escuela\",\"item\":\"https:\/\/teresalaiz.com\/web\/escuela\/\"},{\"@type\":\"ListItem\",\"position\":3,\"name\":\"Escuela de Casta\u00f1uelas Teresa Laiz &#8211; Presencial (Madrid)\",\"item\":\"https:\/\/teresalaiz.com\/web\/escuela\/castanuelas-madrid\/\"},{\"@type\":\"ListItem\",\"position\":4,\"name\":\"Cursillos Intensivos de Verano 2025\"}]},{\"@type\":\"WebSite\",\"@id\":\"https:\/\/teresalaiz.com\/web\/#website\",\"url\":\"https:\/\/teresalaiz.com\/web\/\",\"name\":\"Teresa Laiz\",\"description\":\"Casta\u00f1uelas, Conciertos de Casta\u00f1uelas, Cursos de Casta\u00f1uelas, Festival Internacional de Casta\u00f1uelas, M\u00e9todo de Casta\u00f1uelas, Castanets, Castagnettes, Kastagnetten, \u30ab\u30b9\u30bf\u30cd\u30c3\u30c8\",\"potentialAction\":[{\"@type\":\"SearchAction\",\"target\":{\"@type\":\"EntryPoint\",\"urlTemplate\":\"https:\/\/teresalaiz.com\/web\/?s={search_term_string}\"},\"query-input\":\"required name=search_term_string\"}],\"inLanguage\":\"es\"}]}<\/script>\n<!-- \/ Yoast SEO plugin. -->","yoast_head_json":{"title":"Cursillos Intensivos de Verano 2025 - Teresa Laiz","robots":{"index":"index","follow":"follow","max-snippet":"max-snippet:-1","max-image-preview":"max-image-preview:large","max-video-preview":"max-video-preview:-1"},"canonical":"https:\/\/teresalaiz.com\/web\/escuela\/castanuelas-madrid\/cursillos-intensivos-de-verano-2025-online\/","og_locale":"es_ES","og_type":"article","og_title":"Cursillos Intensivos de Verano 2025","og_description":"Escuela de Casta\u00f1uelas Teresa Laiz, Presencial (Madrid) y Online","og_url":"https:\/\/teresalaiz.com\/web\/escuela\/castanuelas-madrid\/cursillos-intensivos-de-verano-2025-online\/","og_site_name":"Teresa Laiz","article_modified_time":"2025-05-26T21:11:57+00:00","og_image":[{"width":1745,"height":2560,"url":"https:\/\/teresalaiz.com\/web\/wp-content\/uploads\/2025\/05\/Castanuelas-Intensivos-Verano-2025-2MB-scaled.jpg","type":"image\/jpeg"}],"twitter_card":"summary_large_image","twitter_title":"Cursillos Intensivos de Verano 2025","twitter_description":"Escuela de Casta\u00f1uelas Teresa Laiz","twitter_image":"https:\/\/teresalaiz.com\/web\/wp-content\/uploads\/2025\/05\/Castanuelas-Intensivos-Verano-2025-2MB-scaled.jpg","twitter_misc":{"Tiempo de lectura":"1 minuto"},"schema":{"@context":"https:\/\/schema.org","@graph":[{"@type":"WebPage","@id":"https:\/\/teresalaiz.com\/web\/escuela\/castanuelas-madrid\/cursillos-intensivos-de-verano-2025-online\/","url":"https:\/\/teresalaiz.com\/web\/escuela\/castanuelas-madrid\/cursillos-intensivos-de-verano-2025-online\/","name":"Cursillos Intensivos de Verano 2025 - Teresa Laiz","isPartOf":{"@id":"https:\/\/teresalaiz.com\/web\/#website"},"primaryImageOfPage":{"@id":"https:\/\/teresalaiz.com\/web\/escuela\/castanuelas-madrid\/cursillos-intensivos-de-verano-2025-online\/#primaryimage"},"image":{"@id":"https:\/\/teresalaiz.com\/web\/escuela\/castanuelas-madrid\/cursillos-intensivos-de-verano-2025-online\/#primaryimage"},"thumbnailUrl":"https:\/\/teresalaiz.com\/web\/wp-content\/uploads\/2025\/05\/Castanuelas-Intensivos-Verano-2025-2MB-scaled.jpg","datePublished":"2022-06-08T17:10:32+00:00","dateModified":"2025-05-26T21:11:57+00:00","breadcrumb":{"@id":"https:\/\/teresalaiz.com\/web\/escuela\/castanuelas-madrid\/cursillos-intensivos-de-verano-2025-online\/#breadcrumb"},"inLanguage":"es","potentialAction":[{"@type":"ReadAction","target":["https:\/\/teresalaiz.com\/web\/escuela\/castanuelas-madrid\/cursillos-intensivos-de-verano-2025-online\/"]}]},{"@type":"ImageObject","inLanguage":"es","@id":"https:\/\/teresalaiz.com\/web\/escuela\/castanuelas-madrid\/cursillos-intensivos-de-verano-2025-online\/#primaryimage","url":"https:\/\/teresalaiz.com\/web\/wp-content\/uploads\/2025\/05\/Castanuelas-Intensivos-Verano-2025-2MB-scaled.jpg","contentUrl":"https:\/\/teresalaiz.com\/web\/wp-content\/uploads\/2025\/05\/Castanuelas-Intensivos-Verano-2025-2MB-scaled.jpg","width":1745,"height":2560},{"@type":"BreadcrumbList","@id":"https:\/\/teresalaiz.com\/web\/escuela\/castanuelas-madrid\/cursillos-intensivos-de-verano-2025-online\/#breadcrumb","itemListElement":[{"@type":"ListItem","position":1,"name":"Portada","item":"https:\/\/teresalaiz.com\/web\/"},{"@type":"ListItem","position":2,"name":"Escuela","item":"https:\/\/teresalaiz.com\/web\/escuela\/"},{"@type":"ListItem","position":3,"name":"Escuela de Casta\u00f1uelas Teresa Laiz &#8211; Presencial (Madrid)","item":"https:\/\/teresalaiz.com\/web\/escuela\/castanuelas-madrid\/"},{"@type":"ListItem","position":4,"name":"Cursillos Intensivos de Verano 2025"}]},{"@type":"WebSite","@id":"https:\/\/teresalaiz.com\/web\/#website","url":"https:\/\/teresalaiz.com\/web\/","name":"Teresa Laiz","description":"Casta\u00f1uelas, Conciertos de Casta\u00f1uelas, Cursos de Casta\u00f1uelas, Festival Internacional de Casta\u00f1uelas, M\u00e9todo de Casta\u00f1uelas, Castanets, Castagnettes, Kastagnetten, \u30ab\u30b9\u30bf\u30cd\u30c3\u30c8","potentialAction":[{"@type":"SearchAction","target":{"@type":"EntryPoint","urlTemplate":"https:\/\/teresalaiz.com\/web\/?s={search_term_string}"},"query-input":"required name=search_term_string"}],"inLanguage":"es"}]}},"jetpack_sharing_enabled":true,"jetpack_shortlink":"https:\/\/wp.me\/P702QQ-Hw","jetpack_likes_enabled":true,"_links":{"self":[{"href":"https:\/\/teresalaiz.com\/web\/wp-json\/wp\/v2\/pages\/2698"}],"collection":[{"href":"https:\/\/teresalaiz.com\/web\/wp-json\/wp\/v2\/pages"}],"about":[{"href":"https:\/\/teresalaiz.com\/web\/wp-json\/wp\/v2\/types\/page"}],"author":[{"embeddable":true,"href":"https:\/\/teresalaiz.com\/web\/wp-json\/wp\/v2\/users\/1"}],"replies":[{"embeddable":true,"href":"https:\/\/teresalaiz.com\/web\/wp-json\/wp\/v2\/comments?post=2698"}],"version-history":[{"count":3,"href":"https:\/\/teresalaiz.com\/web\/wp-json\/wp\/v2\/pages\/2698\/revisions"}],"predecessor-version":[{"id":4179,"href":"https:\/\/teresalaiz.com\/web\/wp-json\/wp\/v2\/pages\/2698\/revisions\/4179"}],"up":[{"embeddable":true,"href":"https:\/\/teresalaiz.com\/web\/wp-json\/wp\/v2\/pages\/861"}],"wp:attachment":[{"href":"https:\/\/teresalaiz.com\/web\/wp-json\/wp\/v2\/media?parent=2698"}],"curies":[{"name":"wp","href":"https:\/\/api.w.org\/{rel}","templated":true}]}}