{"id":422,"date":"2015-12-11T21:30:52","date_gmt":"2015-12-11T21:30:52","guid":{"rendered":"https:\/\/teresalaiz.com\/web\/?page_id=422"},"modified":"2022-11-04T18:04:51","modified_gmt":"2022-11-04T18:04:51","slug":"tienda","status":"publish","type":"page","link":"https:\/\/teresalaiz.com\/web\/tienda\/","title":{"rendered":"Tienda"},"content":{"rendered":"<table style=\"border-collapse: collapse; width: 100%;\">\n<tbody>\n<tr>\n<td style=\"width: 25%;\">\n<p style=\"text-align: center;\"><a href=\"https:\/\/teresalaiz.com\/web\/metodo-de-castanuelas\/\" target=\"_blank\" rel=\"noopener\"><img loading=\"lazy\" decoding=\"async\" class=\"aligncenter wp-image-512 size-medium\" src=\"https:\/\/teresalaiz.com\/web\/wp-content\/uploads\/2015\/12\/Portada-229x300.jpg\" alt=\"M\u00e9todo de Casta\u00f1uelas Teresa Laiz Vol. 1 - Portada\" width=\"229\" height=\"300\" srcset=\"https:\/\/teresalaiz.com\/web\/wp-content\/uploads\/2015\/12\/Portada-229x300.jpg 229w, https:\/\/teresalaiz.com\/web\/wp-content\/uploads\/2015\/12\/Portada-783x1024.jpg 783w, https:\/\/teresalaiz.com\/web\/wp-content\/uploads\/2015\/12\/Portada.jpg 1469w\" sizes=\"(max-width: 229px) 100vw, 229px\" \/><\/a><strong>Libro<\/strong><\/p>\n<\/td>\n<td style=\"width: 25%;\">&nbsp;<\/p>\n<p style=\"text-align: center;\"><a href=\"https:\/\/teresalaiz.com\/web\/cd-repicando-el-alma\/\" target=\"_blank\" rel=\"noopener\"><img loading=\"lazy\" decoding=\"async\" class=\"wp-image-2150 size-full aligncenter\" src=\"https:\/\/teresalaiz.com\/web\/wp-content\/uploads\/2021\/10\/CD-Portada.jpg\" alt=\"Repicando el Alma - Teresa Laiz - CD\" width=\"2222\" height=\"1950\" srcset=\"https:\/\/teresalaiz.com\/web\/wp-content\/uploads\/2021\/10\/CD-Portada.jpg 1920w, https:\/\/teresalaiz.com\/web\/wp-content\/uploads\/2021\/10\/CD-Portada-300x263.jpg 300w, https:\/\/teresalaiz.com\/web\/wp-content\/uploads\/2021\/10\/CD-Portada-1024x899.jpg 1024w, https:\/\/teresalaiz.com\/web\/wp-content\/uploads\/2021\/10\/CD-Portada-768x674.jpg 768w, https:\/\/teresalaiz.com\/web\/wp-content\/uploads\/2021\/10\/CD-Portada-1536x1348.jpg 1536w, https:\/\/teresalaiz.com\/web\/wp-content\/uploads\/2021\/10\/CD-Portada-2048x1797.jpg 2048w\" sizes=\"(max-width: 2222px) 100vw, 2222px\" \/><\/a><strong>CD<\/strong><\/p>\n<p>&nbsp;<\/td>\n<td style=\"width: 25%; text-align: center;\"><a href=\"https:\/\/teresalaiz.com\/web\/partituras-por-encargo\/\" target=\"_blank\" rel=\"noopener\"><img loading=\"lazy\" decoding=\"async\" class=\"aligncenter wp-image-2199 size-medium\" src=\"https:\/\/teresalaiz.com\/web\/wp-content\/uploads\/2021\/10\/bigrama-194x300.jpg\" alt=\"partitura bigrama\" width=\"194\" height=\"300\" srcset=\"https:\/\/teresalaiz.com\/web\/wp-content\/uploads\/2021\/10\/bigrama-194x300.jpg 194w, https:\/\/teresalaiz.com\/web\/wp-content\/uploads\/2021\/10\/bigrama-662x1024.jpg 662w, https:\/\/teresalaiz.com\/web\/wp-content\/uploads\/2021\/10\/bigrama-768x1188.jpg 768w, https:\/\/teresalaiz.com\/web\/wp-content\/uploads\/2021\/10\/bigrama-993x1536.jpg 993w, https:\/\/teresalaiz.com\/web\/wp-content\/uploads\/2021\/10\/bigrama-1324x2048.jpg 1324w, https:\/\/teresalaiz.com\/web\/wp-content\/uploads\/2021\/10\/bigrama-scaled.jpg 1241w\" sizes=\"(max-width: 194px) 100vw, 194px\" \/><\/a><strong>Partituras por encargo<br \/>\n<\/strong><\/td>\n<td style=\"width: 25%;\">\n<p style=\"text-align: center;\"><img loading=\"lazy\" decoding=\"async\" class=\"alignnone wp-image-2215 size-medium\" src=\"https:\/\/teresalaiz.com\/web\/wp-content\/uploads\/2021\/10\/Partitura-copia-239x300.jpg\" alt=\"Partitura Teresa Laiz\" width=\"239\" height=\"300\" srcset=\"https:\/\/teresalaiz.com\/web\/wp-content\/uploads\/2021\/10\/Partitura-copia-239x300.jpg 239w, https:\/\/teresalaiz.com\/web\/wp-content\/uploads\/2021\/10\/Partitura-copia-815x1024.jpg 815w, https:\/\/teresalaiz.com\/web\/wp-content\/uploads\/2021\/10\/Partitura-copia-768x965.jpg 768w, https:\/\/teresalaiz.com\/web\/wp-content\/uploads\/2021\/10\/Partitura-copia-1222x1536.jpg 1222w, https:\/\/teresalaiz.com\/web\/wp-content\/uploads\/2021\/10\/Partitura-copia-1629x2048.jpg 1629w, https:\/\/teresalaiz.com\/web\/wp-content\/uploads\/2021\/10\/Partitura-copia-scaled.jpg 1528w\" sizes=\"(max-width: 239px) 100vw, 239px\" \/><strong>Part<\/strong><strong>ituras<br \/>\n<\/strong><\/p>\n<p>&nbsp;<\/td>\n<\/tr>\n<\/tbody>\n<\/table>\n<table style=\"border-collapse: collapse; width: 100%;\">\n<tbody>\n<tr>\n<td style=\"width: 25%;\">\n<p style=\"text-align: center;\"><a href=\"https:\/\/teresalaiz.com\/web\/camisetas\/\" target=\"_blank\" rel=\"noopener\"><img loading=\"lazy\" decoding=\"async\" class=\"alignnone wp-image-2173 size-medium\" src=\"https:\/\/teresalaiz.com\/web\/wp-content\/uploads\/2021\/10\/Camisetas-Logo-Teresa-Laiz-221x300.jpg\" alt=\"Camisetas Casta\u00f1uelas Teresa Laiz\" width=\"221\" height=\"300\" srcset=\"https:\/\/teresalaiz.com\/web\/wp-content\/uploads\/2021\/10\/Camisetas-Logo-Teresa-Laiz-221x300.jpg 221w, https:\/\/teresalaiz.com\/web\/wp-content\/uploads\/2021\/10\/Camisetas-Logo-Teresa-Laiz-756x1024.jpg 756w, https:\/\/teresalaiz.com\/web\/wp-content\/uploads\/2021\/10\/Camisetas-Logo-Teresa-Laiz-768x1040.jpg 768w, https:\/\/teresalaiz.com\/web\/wp-content\/uploads\/2021\/10\/Camisetas-Logo-Teresa-Laiz-1134x1536.jpg 1134w, https:\/\/teresalaiz.com\/web\/wp-content\/uploads\/2021\/10\/Camisetas-Logo-Teresa-Laiz-1512x2048.jpg 1512w, https:\/\/teresalaiz.com\/web\/wp-content\/uploads\/2021\/10\/Camisetas-Logo-Teresa-Laiz.jpg 1417w\" sizes=\"(max-width: 221px) 100vw, 221px\" \/><\/a><br \/>\n<strong>Camisetas<\/strong><\/p>\n<\/td>\n<td style=\"width: 25%; text-align: center;\" data-wp-editing=\"1\"><a href=\"https:\/\/wp.me\/P702QQ-L1\" target=\"_blank\" rel=\"noopener\"><img loading=\"lazy\" decoding=\"async\" class=\"aligncenter wp-image-2274 size-medium\" src=\"https:\/\/teresalaiz.com\/web\/wp-content\/uploads\/2021\/10\/Castanuelas-Vertical-200x300.jpg\" alt=\"Casta\u00f1uelas Teresa Laiz\" width=\"200\" height=\"300\" srcset=\"https:\/\/teresalaiz.com\/web\/wp-content\/uploads\/2021\/10\/Castanuelas-Vertical-200x300.jpg 200w, https:\/\/teresalaiz.com\/web\/wp-content\/uploads\/2021\/10\/Castanuelas-Vertical-682x1024.jpg 682w, https:\/\/teresalaiz.com\/web\/wp-content\/uploads\/2021\/10\/Castanuelas-Vertical-768x1153.jpg 768w, https:\/\/teresalaiz.com\/web\/wp-content\/uploads\/2021\/10\/Castanuelas-Vertical-1023x1536.jpg 1023w, https:\/\/teresalaiz.com\/web\/wp-content\/uploads\/2021\/10\/Castanuelas-Vertical.jpg 1279w\" sizes=\"(max-width: 200px) 100vw, 200px\" \/><\/a><span style=\"font-size: 14pt;\"><strong>Casta\u00f1uelas<\/strong><\/span><\/td>\n<td style=\"width: 25%; text-align: center;\"><span style=\"font-size: 18pt;\">\u00a0<\/span><\/p>\n<p>&nbsp;<\/p>\n<p><a href=\"https:\/\/teresalaiz.com\/web\/alfombrilla-para-raton\/\" target=\"_blank\" rel=\"noopener\"><img loading=\"lazy\" decoding=\"async\" class=\"aligncenter wp-image-2258 size-full\" src=\"https:\/\/teresalaiz.com\/web\/wp-content\/uploads\/2021\/10\/Alfombrilla-para-raton.jpg\" alt=\"Alfombrilla Escuela de Casta\u00f1uelas Teresa Laiz\" width=\"2444\" height=\"1421\" srcset=\"https:\/\/teresalaiz.com\/web\/wp-content\/uploads\/2021\/10\/Alfombrilla-para-raton.jpg 1920w, https:\/\/teresalaiz.com\/web\/wp-content\/uploads\/2021\/10\/Alfombrilla-para-raton-300x174.jpg 300w, https:\/\/teresalaiz.com\/web\/wp-content\/uploads\/2021\/10\/Alfombrilla-para-raton-1024x595.jpg 1024w, https:\/\/teresalaiz.com\/web\/wp-content\/uploads\/2021\/10\/Alfombrilla-para-raton-768x447.jpg 768w, https:\/\/teresalaiz.com\/web\/wp-content\/uploads\/2021\/10\/Alfombrilla-para-raton-1536x893.jpg 1536w, https:\/\/teresalaiz.com\/web\/wp-content\/uploads\/2021\/10\/Alfombrilla-para-raton-2048x1191.jpg 2048w\" sizes=\"(max-width: 2444px) 100vw, 2444px\" \/><\/a><strong> Alfombrilla para rat\u00f3n<\/strong><\/td>\n<td style=\"width: 25%; text-align: center;\" data-wp-editing=\"1\">&nbsp;<\/p>\n<p><span style=\"font-size: 18pt;\">\u00a0<\/span><\/p>\n<p style=\"text-align: left;\"><a href=\"https:\/\/teresalaiz.com\/web\/tazas\/\" target=\"_blank\" rel=\"noopener\"><img loading=\"lazy\" decoding=\"async\" class=\"aligncenter wp-image-2279 size-thumbnail\" src=\"https:\/\/teresalaiz.com\/web\/wp-content\/uploads\/2021\/10\/Taza1-2-150x150.jpg\" alt=\"Taza I love Casta\u00f1uelas\" width=\"150\" height=\"150\" srcset=\"https:\/\/teresalaiz.com\/web\/wp-content\/uploads\/2021\/10\/Taza1-2-150x150.jpg 150w, https:\/\/teresalaiz.com\/web\/wp-content\/uploads\/2021\/10\/Taza1-2-300x300.jpg 300w, https:\/\/teresalaiz.com\/web\/wp-content\/uploads\/2021\/10\/Taza1-2-550x550.jpg 550w, https:\/\/teresalaiz.com\/web\/wp-content\/uploads\/2021\/10\/Taza1-2.jpg 665w\" sizes=\"(max-width: 150px) 100vw, 150px\" \/><\/a> \u00a0\u00a0\u00a0\u00a0\u00a0\u00a0\u00a0\u00a0\u00a0\u00a0\u00a0\u00a0\u00a0\u00a0\u00a0\u00a0\u00a0\u00a0 <strong>Tazas<\/strong><\/p>\n<\/td>\n<\/tr>\n<\/tbody>\n<\/table>\n<table style=\"border-collapse: collapse; width: 100%;\">\n<tbody>\n<tr>\n<td style=\"width: 25%;\">\n<p style=\"text-align: center;\"><a href=\"https:\/\/wp.me\/P702QQ-KM\"><img loading=\"lazy\" decoding=\"async\" class=\"aligncenter wp-image-2898 size-full\" src=\"https:\/\/teresalaiz.com\/web\/wp-content\/uploads\/2022\/11\/pitos-madera-boj-scaled-1.jpg\" alt=\"Pitos\" width=\"2560\" height=\"1707\" srcset=\"https:\/\/teresalaiz.com\/web\/wp-content\/uploads\/2022\/11\/pitos-madera-boj-scaled-1.jpg 1920w, https:\/\/teresalaiz.com\/web\/wp-content\/uploads\/2022\/11\/pitos-madera-boj-scaled-1-300x200.jpg 300w, https:\/\/teresalaiz.com\/web\/wp-content\/uploads\/2022\/11\/pitos-madera-boj-scaled-1-1024x683.jpg 1024w, https:\/\/teresalaiz.com\/web\/wp-content\/uploads\/2022\/11\/pitos-madera-boj-scaled-1-768x512.jpg 768w, https:\/\/teresalaiz.com\/web\/wp-content\/uploads\/2022\/11\/pitos-madera-boj-scaled-1-1536x1024.jpg 1536w, https:\/\/teresalaiz.com\/web\/wp-content\/uploads\/2022\/11\/pitos-madera-boj-scaled-1-2048x1366.jpg 2048w\" sizes=\"(max-width: 2560px) 100vw, 2560px\" \/><\/a><strong>Pitos<\/strong><\/p>\n<\/td>\n<td style=\"width: 25%;\"><\/td>\n<td style=\"width: 25%;\"><\/td>\n<td style=\"width: 25%;\"><\/td>\n<\/tr>\n<\/tbody>\n<\/table>\n","protected":false},"excerpt":{"rendered":"<p>Libro &nbsp; CD &nbsp; Partituras por encargo Partituras &nbsp; Camisetas Casta\u00f1uelas \u00a0 &nbsp; Alfombrilla para rat\u00f3n &nbsp; \u00a0 \u00a0\u00a0\u00a0\u00a0\u00a0\u00a0\u00a0\u00a0\u00a0\u00a0\u00a0\u00a0\u00a0\u00a0\u00a0\u00a0\u00a0\u00a0 Tazas Pitos<\/p>\n","protected":false},"author":1,"featured_media":0,"parent":0,"menu_order":0,"comment_status":"closed","ping_status":"closed","template":"templates\/full-width.php","meta":{"footnotes":""},"yoast_head":"<!-- This site is optimized with the Yoast SEO plugin v22.7 - https:\/\/yoast.com\/wordpress\/plugins\/seo\/ -->\n<title>Tienda - Teresa Laiz<\/title>\n<meta name=\"robots\" content=\"index, follow, max-snippet:-1, max-image-preview:large, max-video-preview:-1\" \/>\n<link rel=\"canonical\" href=\"https:\/\/teresalaiz.com\/web\/tienda\/\" \/>\n<meta property=\"og:locale\" content=\"es_ES\" \/>\n<meta property=\"og:type\" content=\"article\" \/>\n<meta property=\"og:title\" content=\"Tienda - Teresa Laiz\" \/>\n<meta property=\"og:description\" content=\"Libro &nbsp; CD &nbsp; Partituras por encargo Partituras &nbsp; Camisetas Casta\u00f1uelas \u00a0 &nbsp; Alfombrilla para rat\u00f3n &nbsp; \u00a0 \u00a0\u00a0\u00a0\u00a0\u00a0\u00a0\u00a0\u00a0\u00a0\u00a0\u00a0\u00a0\u00a0\u00a0\u00a0\u00a0\u00a0\u00a0 Tazas Pitos\" \/>\n<meta property=\"og:url\" content=\"https:\/\/teresalaiz.com\/web\/tienda\/\" \/>\n<meta property=\"og:site_name\" content=\"Teresa Laiz\" \/>\n<meta property=\"article:modified_time\" content=\"2022-11-04T18:04:51+00:00\" \/>\n<meta property=\"og:image\" content=\"https:\/\/teresalaiz.com\/web\/wp-content\/uploads\/2015\/12\/Portada-229x300.jpg\" \/>\n<meta name=\"twitter:card\" content=\"summary_large_image\" \/>\n<meta name=\"twitter:label1\" content=\"Tiempo de lectura\" \/>\n\t<meta name=\"twitter:data1\" content=\"2 minutos\" \/>\n<script type=\"application\/ld+json\" class=\"yoast-schema-graph\">{\"@context\":\"https:\/\/schema.org\",\"@graph\":[{\"@type\":\"WebPage\",\"@id\":\"https:\/\/teresalaiz.com\/web\/tienda\/\",\"url\":\"https:\/\/teresalaiz.com\/web\/tienda\/\",\"name\":\"Tienda - Teresa Laiz\",\"isPartOf\":{\"@id\":\"https:\/\/teresalaiz.com\/web\/#website\"},\"primaryImageOfPage\":{\"@id\":\"https:\/\/teresalaiz.com\/web\/tienda\/#primaryimage\"},\"image\":{\"@id\":\"https:\/\/teresalaiz.com\/web\/tienda\/#primaryimage\"},\"thumbnailUrl\":\"https:\/\/teresalaiz.com\/web\/wp-content\/uploads\/2015\/12\/Portada-229x300.jpg\",\"datePublished\":\"2015-12-11T21:30:52+00:00\",\"dateModified\":\"2022-11-04T18:04:51+00:00\",\"breadcrumb\":{\"@id\":\"https:\/\/teresalaiz.com\/web\/tienda\/#breadcrumb\"},\"inLanguage\":\"es\",\"potentialAction\":[{\"@type\":\"ReadAction\",\"target\":[\"https:\/\/teresalaiz.com\/web\/tienda\/\"]}]},{\"@type\":\"ImageObject\",\"inLanguage\":\"es\",\"@id\":\"https:\/\/teresalaiz.com\/web\/tienda\/#primaryimage\",\"url\":\"https:\/\/teresalaiz.com\/web\/wp-content\/uploads\/2015\/12\/Portada.jpg\",\"contentUrl\":\"https:\/\/teresalaiz.com\/web\/wp-content\/uploads\/2015\/12\/Portada.jpg\",\"width\":1469,\"height\":1920,\"caption\":\"M\u00e9todo de Casta\u00f1uelas Teresa Laiz Vol. 1 - Portada\"},{\"@type\":\"BreadcrumbList\",\"@id\":\"https:\/\/teresalaiz.com\/web\/tienda\/#breadcrumb\",\"itemListElement\":[{\"@type\":\"ListItem\",\"position\":1,\"name\":\"Portada\",\"item\":\"https:\/\/teresalaiz.com\/web\/\"},{\"@type\":\"ListItem\",\"position\":2,\"name\":\"Tienda\"}]},{\"@type\":\"WebSite\",\"@id\":\"https:\/\/teresalaiz.com\/web\/#website\",\"url\":\"https:\/\/teresalaiz.com\/web\/\",\"name\":\"Teresa Laiz\",\"description\":\"Casta\u00f1uelas, Conciertos de Casta\u00f1uelas, Cursos de Casta\u00f1uelas, Festival Internacional de Casta\u00f1uelas, M\u00e9todo de Casta\u00f1uelas, Castanets, Castagnettes, Kastagnetten, \u30ab\u30b9\u30bf\u30cd\u30c3\u30c8\",\"potentialAction\":[{\"@type\":\"SearchAction\",\"target\":{\"@type\":\"EntryPoint\",\"urlTemplate\":\"https:\/\/teresalaiz.com\/web\/?s={search_term_string}\"},\"query-input\":\"required name=search_term_string\"}],\"inLanguage\":\"es\"}]}<\/script>\n<!-- \/ Yoast SEO plugin. -->","yoast_head_json":{"title":"Tienda - Teresa Laiz","robots":{"index":"index","follow":"follow","max-snippet":"max-snippet:-1","max-image-preview":"max-image-preview:large","max-video-preview":"max-video-preview:-1"},"canonical":"https:\/\/teresalaiz.com\/web\/tienda\/","og_locale":"es_ES","og_type":"article","og_title":"Tienda - Teresa Laiz","og_description":"Libro &nbsp; CD &nbsp; Partituras por encargo Partituras &nbsp; Camisetas Casta\u00f1uelas \u00a0 &nbsp; Alfombrilla para rat\u00f3n &nbsp; \u00a0 \u00a0\u00a0\u00a0\u00a0\u00a0\u00a0\u00a0\u00a0\u00a0\u00a0\u00a0\u00a0\u00a0\u00a0\u00a0\u00a0\u00a0\u00a0 Tazas Pitos","og_url":"https:\/\/teresalaiz.com\/web\/tienda\/","og_site_name":"Teresa Laiz","article_modified_time":"2022-11-04T18:04:51+00:00","og_image":[{"url":"https:\/\/teresalaiz.com\/web\/wp-content\/uploads\/2015\/12\/Portada-229x300.jpg"}],"twitter_card":"summary_large_image","twitter_misc":{"Tiempo de lectura":"2 minutos"},"schema":{"@context":"https:\/\/schema.org","@graph":[{"@type":"WebPage","@id":"https:\/\/teresalaiz.com\/web\/tienda\/","url":"https:\/\/teresalaiz.com\/web\/tienda\/","name":"Tienda - Teresa Laiz","isPartOf":{"@id":"https:\/\/teresalaiz.com\/web\/#website"},"primaryImageOfPage":{"@id":"https:\/\/teresalaiz.com\/web\/tienda\/#primaryimage"},"image":{"@id":"https:\/\/teresalaiz.com\/web\/tienda\/#primaryimage"},"thumbnailUrl":"https:\/\/teresalaiz.com\/web\/wp-content\/uploads\/2015\/12\/Portada-229x300.jpg","datePublished":"2015-12-11T21:30:52+00:00","dateModified":"2022-11-04T18:04:51+00:00","breadcrumb":{"@id":"https:\/\/teresalaiz.com\/web\/tienda\/#breadcrumb"},"inLanguage":"es","potentialAction":[{"@type":"ReadAction","target":["https:\/\/teresalaiz.com\/web\/tienda\/"]}]},{"@type":"ImageObject","inLanguage":"es","@id":"https:\/\/teresalaiz.com\/web\/tienda\/#primaryimage","url":"https:\/\/teresalaiz.com\/web\/wp-content\/uploads\/2015\/12\/Portada.jpg","contentUrl":"https:\/\/teresalaiz.com\/web\/wp-content\/uploads\/2015\/12\/Portada.jpg","width":1469,"height":1920,"caption":"M\u00e9todo de Casta\u00f1uelas Teresa Laiz Vol. 1 - Portada"},{"@type":"BreadcrumbList","@id":"https:\/\/teresalaiz.com\/web\/tienda\/#breadcrumb","itemListElement":[{"@type":"ListItem","position":1,"name":"Portada","item":"https:\/\/teresalaiz.com\/web\/"},{"@type":"ListItem","position":2,"name":"Tienda"}]},{"@type":"WebSite","@id":"https:\/\/teresalaiz.com\/web\/#website","url":"https:\/\/teresalaiz.com\/web\/","name":"Teresa Laiz","description":"Casta\u00f1uelas, Conciertos de Casta\u00f1uelas, Cursos de Casta\u00f1uelas, Festival Internacional de Casta\u00f1uelas, M\u00e9todo de Casta\u00f1uelas, Castanets, Castagnettes, Kastagnetten, \u30ab\u30b9\u30bf\u30cd\u30c3\u30c8","potentialAction":[{"@type":"SearchAction","target":{"@type":"EntryPoint","urlTemplate":"https:\/\/teresalaiz.com\/web\/?s={search_term_string}"},"query-input":"required name=search_term_string"}],"inLanguage":"es"}]}},"jetpack_sharing_enabled":true,"jetpack_shortlink":"https:\/\/wp.me\/P702QQ-6O","jetpack_likes_enabled":true,"_links":{"self":[{"href":"https:\/\/teresalaiz.com\/web\/wp-json\/wp\/v2\/pages\/422"}],"collection":[{"href":"https:\/\/teresalaiz.com\/web\/wp-json\/wp\/v2\/pages"}],"about":[{"href":"https:\/\/teresalaiz.com\/web\/wp-json\/wp\/v2\/types\/page"}],"author":[{"embeddable":true,"href":"https:\/\/teresalaiz.com\/web\/wp-json\/wp\/v2\/users\/1"}],"replies":[{"embeddable":true,"href":"https:\/\/teresalaiz.com\/web\/wp-json\/wp\/v2\/comments?post=422"}],"version-history":[{"count":0,"href":"https:\/\/teresalaiz.com\/web\/wp-json\/wp\/v2\/pages\/422\/revisions"}],"wp:attachment":[{"href":"https:\/\/teresalaiz.com\/web\/wp-json\/wp\/v2\/media?parent=422"}],"curies":[{"name":"wp","href":"https:\/\/api.w.org\/{rel}","templated":true}]}}